it of l?
9
Let h = 163 + 16. What is the units digit of h?
9
Let v(s) = -s - 1 - 2*s - s - 1. What is the units digit of v(-7)?
6
Let q(r) = 4*r**2 + 18*r - 5. What is the hundreds digit of q(-8)?
1
Suppose 0 = 3*s - 12 - 0. Let p be (s - 1) + (-4)/(-4). Suppose -9 = p*b - 5*b. What is the units digit of b?
9
Let q(n) = n**2 - 5*n + 7. Let l(r) = -8*r**2 - 1. Let o be l(-1). Let v be o/15*(-1 - 9). What is the units digit of q(v)?
3
Let i(t) = -t + 3. Let g be i(3). Suppose 2*p + g = 22. What is the tens digit of p?
1
Suppose 2*b - b - 5*g = 171, -2*b - 5*g = -417. What is the units digit of b?
6
Let p = -81 + 91. What is the tens digit of p?
1
Suppose 3*x = s - 22 + 249, -155 = -2*x - 3*s. Suppose -c - c + x = 0. Let b = c - 26. What is the units digit of b?
2
Suppose -17*n = -12*n - 285. What is the units digit of n?
7
What is the units digit of 3*5/(-6)*1*-4?
0
Let x(t) = t**3 - 7*t**2 + 8*t - 1. Let f be (4 - -8)/(2/1). What is the tens digit of x(f)?
1
Suppose 5*i + 129 = 4*c + 19, 5*i - 130 = -4*c. What is the units digit of c?
0
What is the tens digit of (66/12 - 5)/(1/74)?
3
Let d(k) be the third derivative of -k**5/60 - 11*k**4/24 + 2*k**3/3 + k**2. What is the units digit of d(-11)?
4
Let b(j) = 7*j + 9. What is the tens digit of b(3)?
3
What is the units digit of (-6)/12 - (-138)/4?
4
Suppose -2*u = 10 + 112. Let x = u + 43. What is the units digit of (3/9)/((-3)/x)?
2
Let v be 6/9*15/2. Suppose 0*j = v*j + 5. Let r = 3 + j. What is the units digit of r?
2
Let v(f) = -16*f + 1. Suppose -2*m + 6 + 2 = 0. Suppose 8 = 4*w + m*h - 0, -4*h + 11 = w. What is the units digit of v(w)?
7
Let s(u) = 2*u**2 - 2*u + 12. What is the units digit of s(-9)?
2
Let d(t) = 2*t + 2. Suppose 0 = -i + 3. Let p be d(i). What is the units digit of p - (-1)/(0 + -1)?
7
Suppose 3 + 3 = 2*y. Suppose y*g - 6*g + 84 = 0. What is the tens digit of g?
2
Suppose u - 9 = -l, -2*u - l + 2 = -13. Suppose 0 = -2*n + u*n - 16. What is the units digit of n?
4
Suppose 0 = 3*q + 2*q - 215. Let r = 61 - q. What is the units digit of r?
8
Suppose 5*y + 15 = 0, -3*y + 8*y = -3*c - 15. Suppose -8*x = -11*x + 6. Suppose 0 = -x*f - c*f + 14. What is the units digit of f?
7
Let t be (-15)/(-9) + (-1)/(-3). Suppose y - 2*s - 35 = 0, -3*y - t*s + 135 = 2*s. What is the tens digit of y?
4
Let s(j) = -j**2 - 7*j - 5. Let k be s(-5). Suppose 2*v - 5*n - 30 = 0, 3*v - 3 = k*n + 37. What is the tens digit of v?
1
Let z(r) = r**2 + 17. What is the hundreds digit of z(10)?
1
Let r(x) be the first derivative of x**2 + 6*x + 2. What is the units digit of r(8)?
2
What is the units digit of 84 - ((-3 - -2) + 1)?
4
Suppose 2*z - 23 = 13. Let q be z/(-4)*(-4)/6. Suppose -48 = -5*p + x + q, p = -5*x + 31. What is the tens digit of p?
1
Suppose -o - 3 = 1. What is the tens digit of (o/(-3))/(8/60)?
1
Let k = 67 + -53. What is the tens digit of k?
1
Suppose -14 = -4*i + 5*l + 20, -10 = -2*i - l. Let z be i - 2/(-1 - -2). Suppose -4*p - p = 3*x - 14, 0 = z*x + 8. What is the units digit of p?
4
Suppose -k = 10 - 30. What is the tens digit of k?
2
Let l = -4 + 14. What is the tens digit of l?
1
Let o = 316 - 183. What is the units digit of o?
3
Let z(u) = -7*u**3 - 2*u**2 + 1. Let s be z(1). Let j be ((-4)/s)/(2/(-4)). What is the units digit of (-28)/(-8) - j/2?
4
Let k be 1/4*-2*12. What is the units digit of k/4 + 95/10?
8
Suppose -4*p - 2*j = -46 - 136, 0 = 3*p + j - 139. Suppose -97 = -5*g + p. What is the units digit of g?
9
Let q = 23 - 16. Suppose 3*g = 3*f - 0*g - 48, 18 = 3*f + 3*g. Let j = f - q. What is the units digit of j?
4
Let n = -13 + 24. What is the tens digit of n?
1
Let i be 1/3 - (-30)/18. Let j = i + 2. Suppose -j*g + 5 - 3 = 2*u, -2*u + 5*g + 11 = 0. What is the units digit of u?
3
Suppose -2*f - 10 + 28 = 0. Let b(r) = -r**2 + 8*r + 11. What is the units digit of b(f)?
2
Suppose -5 = f - q, 6*f - 2 = f - 4*q. Let b be (3/2)/((-1)/f). Let z = 4 - b. What is the units digit of z?
1
Let s be (-3)/(2/(24/9)). Let n be 2/8 + (-3)/s. Let d = n + 0. What is the units digit of d?
1
Suppose z - 2*q = 14, 2 + 1 = q. Suppose 3*k - k - z = 0. What is the units digit of k?
0
Let a(j) = -50*j. Let i be a(-1). Let y = i + -36. What is the tens digit of y?
1
Let g = -13 + 11. Let u = g - -4. What is the units digit of u?
2
Let x be -43 - 0/(-2 - 1). Let b = -27 - x. What is the tens digit of b?
1
Let c = -1 + 1. Suppose c*m + 5*m = 20. What is the units digit of m?
4
Let d be 5/(-3)*(-3 - 0). Suppose 0 = d*i - 3*l - 69, 2*l + 12 = -2*l. What is the units digit of i?
2
Let r = 8 + -2. Suppose -2*q + 5 = 4*w - 5, -5*w + 2*q + 26 = 0. Suppose -r*o = -w*o - 6. What is the units digit of o?
3
What is the tens digit of (164/6)/(6/27*3)?
4
Suppose -3*r + 140 = t, -r - 2*t = 2*r - 145. Suppose 0 = -p + 4*p - r. What is the units digit of p?
5
Let y be (-1 + 4)/(-1 - 0). Let g = y - -8. What is the units digit of g?
5
Suppose 2*s = 2*u - 0*u - 108, 246 = 4*u + 2*s. What is the tens digit of u?
5
Let w = 22 - 1. Let y = 6 - 17. Let i = w + y. What is the units digit of i?
0
Let w(h) = -h**3 + h**2 + 2*h + 6. What is the units digit of w(-3)?
6
Let b = 157 + -82. What is the units digit of b?
5
Let o = 5 - 1. Suppose -l - o*l = -180. What is the units digit of l?
6
What is the units digit of 6/33 - 1585/(-55)?
9
Suppose -3*r - 4*u = -0*r + 23, 3*r + 5*u + 28 = 0. What is the units digit of -1 + r - (1 - 52)?
9
Let n be 5/(-25) + (-2)/(-10). Let p(z) be the third derivative of z**6/120 - z**5/60 + z**4/24 + 5*z**3/6 + 2*z**2. What is the units digit of p(n)?
5
Let n = 1 - -2. Suppose n*l - 25 = -3*c - 1, 3*l = 3*c. Let i(m) = 3*m - 4. What is the units digit of i(c)?
8
Let a(x) = 4*x - 8. What is the tens digit of a(11)?
3
What is the tens digit of (-249)/6*((-6 - -2) + -2)?
4
Let d(w) = 2*w**3 - 7*w**2 - 8*w + 6. What is the tens digit of d(7)?
9
Let f(l) = -3*l. Let c(s) = s**3 + 6*s**2 - 6*s + 9. Let g be c(-7). Let b be f(g). What is the units digit of 1 + -3*10/b?
6
Suppose -l + 2*n - 2 = 3, -14 = 2*l - 5*n. Suppose 0 = -d - l + 27. What is the tens digit of d?
2
Let m(t) = t**2 + 11*t + 4. Suppose -2*i - 3*l = 22 + 3, 0 = -i - l - 12. Let r be m(i). Suppose 4*q - r = b, -q = 3*b - 6*q - 2. What is the units digit of b?
4
Suppose -18 + 74 = 2*k. What is the tens digit of k?
2
Suppose 2*m - 53 = 35. What is the tens digit of m?
4
Suppose 4*h + 6 = 2*w, -5*w + 3 + 6 = -4*h. Let b = -1 - w. What is the units digit of (b/(-3) + 0)*12?
8
Suppose -46 = -8*i + 162. What is the tens digit of i?
2
Let p(w) = -2*w**3 - 10*w**2 - 3*w + 1. What is the hundreds digit of p(-7)?
2
Let c(n) = -n + 3 + 0 - 2. Let k(d) = -4*d + 6. Let v(a) = 6*c(a) - k(a). What is the units digit of v(-3)?
6
Let q be (-31)/4 - (-6)/8. Let n(c) = -c**3 - c**2 + 1. Let i be n(-2). Let b = i - q. What is the units digit of b?
2
Let y(v) = -1 + 8 + 6 + 1 - v. What is the units digit of y(-10)?
4
What is the tens digit of (((-26)/(-8))/(-1))/(3/(-60))?
6
Let h = -6 - -4. Let x = 7 - 9. What is the units digit of h + x*(-27)/6?
7
Let d(m) = -m**2 + 4*m - 5. Let n be d(4). Let r(i) = -5*i. Let x be r(n). Let v = -12 + x. What is the tens digit of v?
1
Let g(a) = a**3 - 2*a**2 - 4. Let h be g(3). Suppose 5*w = 5*o + 35, 0 = -w - h*o + 1. Let c(n) = n**3 - 5*n**2 - 7*n + 8. What is the units digit of c(w)?
2
Let k be (-8)/(-6)*(-9)/6. Let q(x) = -x**3 - 3*x**2 + 4*x - 3. Let j be q(-4). What is the units digit of (k + j)*(-9)/15?
3
Let m be -3*(-3 - -11) + 0. What is the units digit of ((-2)/(-3))/((-2)/m)?
8
What is the units digit of -8*(-10)/80 - (-91)/1?
2
Suppose 13 = x + 2*r, -2*x + 3*r - 10 = -2*r. Let o = -13 + x. Let t = 18 + o. What is the units digit of t?
0
Let i = -34 + 47. Suppose -8*n - 35 = -i*n. What is the units digit of n?
7
Let s(t) = t**2 + 3*t - 5. Let q be s(-6). Let f = q - -5. What is the units digit of f?
8
Suppose -q + 3*z = q - 101, 4*q - 182 = 2*z. What is the units digit of q?
3
Let v(o) = -o**3 + 6*o**2 + o - 6. Let n be ((-10)/(-4))/((-2)/(-4)). Let c be v(n). Suppose 0 = -4*t + 2*t + c. What is the tens digit of t?
1
Let x = -342 + 2547. What is the tens digit of x/117 + (-4)/(-26)?
1
Let j(w) = -10*w - 27. What is the tens digit of j(-7)?
4
Let o(j) = j**2 + 6*j - 11. Let p be ((-9)/2)/(2/4). What is 